{"id":1894,"date":"2024-05-24T17:52:45","date_gmt":"2024-05-24T15:52:45","guid":{"rendered":"https:\/\/vanille-et-citron.fr\/?page_id=1894"},"modified":"2024-05-25T17:29:56","modified_gmt":"2024-05-25T15:29:56","slug":"vente-directe-sur-commande","status":"publish","type":"page","link":"https:\/\/vanille-et-citron.fr\/index.php\/vente-directe-sur-commande\/","title":{"rendered":"Vente directe sur commande"},"content":{"rendered":"\t\t<div data-elementor-type=\"wp-page\" data-elementor-id=\"1894\" class=\"elementor elementor-1894\" data-elementor-post-type=\"page\">\n\t\t\t\t\t\t<section class=\"elementor-section elementor-top-section elementor-element elementor-element-f90aa6b elementor-section-boxed elementor-section-height-default elementor-section-height-default\" data-id=\"f90aa6b\" data-element_type=\"section\" data-e-type=\"section\">\n\t\t\t\t\t\t<div class=\"elementor-container elementor-column-gap-default\">\n\t\t\t\t\t<div class=\"elementor-column elementor-col-100 elementor-top-column elementor-element elementor-element-ac911e6\" data-id=\"ac911e6\" data-element_type=\"column\" data-e-type=\"column\">\n\t\t\t<div class=\"elementor-widget-wrap elementor-element-populated\">\n\t\t\t\t\t\t<div class=\"elementor-element elementor-element-fd4cc4e elementor-widget elementor-widget-text-editor\" data-id=\"fd4cc4e\" data-element_type=\"widget\" data-e-type=\"widget\" data-widget_type=\"text-editor.default\">\n\t\t\t\t<div class=\"elementor-widget-container\">\n\t\t\t\t\t\t\t\t\t<p>En cours de cr\u00e9ation<\/p>\t\t\t\t\t\t\t\t<\/div>\n\t\t\t\t<\/div>\n\t\t\t\t\t<\/div>\n\t\t<\/div>\n\t\t\t\t\t<\/div>\n\t\t<\/section>\n\t\t\t\t<section class=\"elementor-section elementor-top-section elementor-element elementor-element-ddfb01e elementor-section-boxed elementor-section-height-default elementor-section-height-default\" data-id=\"ddfb01e\" data-element_type=\"section\" data-e-type=\"section\">\n\t\t\t\t\t\t<div class=\"elementor-container elementor-column-gap-default\">\n\t\t\t\t\t<div class=\"elementor-column elementor-col-100 elementor-top-column elementor-element elementor-element-a2e4d50\" data-id=\"a2e4d50\" data-element_type=\"column\" data-e-type=\"column\">\n\t\t\t<div class=\"elementor-widget-wrap elementor-element-populated\">\n\t\t\t\t\t\t<div class=\"elementor-element elementor-element-46ad44e elementor-position-top elementor-widget elementor-widget-image-box\" data-id=\"46ad44e\" data-element_type=\"widget\" data-e-type=\"widget\" data-widget_type=\"image-box.default\">\n\t\t\t\t<div class=\"elementor-widget-container\">\n\t\t\t\t\t<div class=\"elementor-image-box-wrapper\"><figure class=\"elementor-image-box-img\"><img fetchpriority=\"high\" decoding=\"async\" width=\"2048\" height=\"1782\" src=\"https:\/\/vanille-et-citron.fr\/wp-content\/uploads\/2024\/05\/434618964_749011750721581_6803791714061065356_n.jpg\" class=\"attachment-full size-full wp-image-1831\" alt=\"\" srcset=\"https:\/\/vanille-et-citron.fr\/wp-content\/uploads\/2024\/05\/434618964_749011750721581_6803791714061065356_n.jpg 2048w, https:\/\/vanille-et-citron.fr\/wp-content\/uploads\/2024\/05\/434618964_749011750721581_6803791714061065356_n-300x261.jpg 300w, https:\/\/vanille-et-citron.fr\/wp-content\/uploads\/2024\/05\/434618964_749011750721581_6803791714061065356_n-1024x891.jpg 1024w, https:\/\/vanille-et-citron.fr\/wp-content\/uploads\/2024\/05\/434618964_749011750721581_6803791714061065356_n-768x668.jpg 768w, https:\/\/vanille-et-citron.fr\/wp-content\/uploads\/2024\/05\/434618964_749011750721581_6803791714061065356_n-1536x1337.jpg 1536w, https:\/\/vanille-et-citron.fr\/wp-content\/uploads\/2024\/05\/434618964_749011750721581_6803791714061065356_n-600x522.jpg 600w\" sizes=\"(max-width: 2048px) 100vw, 2048px\" \/><\/figure><div class=\"elementor-image-box-content\"><h3 class=\"elementor-image-box-title\">Les entremets<br><\/h3><p class=\"elementor-image-box-description\">Le Cr\u00e2lin est l'entremets star de Vanille et Citron. Le biscuit dacquoise, recouvert d'un croustillant pralin\u00e9 caram\u00e9lis\u00e9, supporte une mousse aux deux chocolats tr\u00e8s a\u00e9rienne et soyeuse et un d\u00e9licat cr\u00e9meux pralin\u00e9 \u00e0 la vanille. A l'instar du Cr\u00e2lin, l'entremets signature \"Vanille et Citrus\" est intemporel et ravit les amateurs de sensations fortes : Citron jaune, citron vert, yuzu, coco et caramel. Quant aux entremets fruit\u00e9s, ils suivent le rythme et les propositions des saisons.<br>A partir de 4,50 euros la part<\/p><\/div><\/div>\t\t\t\t<\/div>\n\t\t\t\t<\/div>\n\t\t\t\t<div class=\"elementor-element elementor-element-ba4abe4 elementor-position-top elementor-widget elementor-widget-image-box\" data-id=\"ba4abe4\" data-element_type=\"widget\" data-e-type=\"widget\" data-widget_type=\"image-box.default\">\n\t\t\t\t<div class=\"elementor-widget-container\">\n\t\t\t\t\t<div class=\"elementor-image-box-wrapper\"><figure class=\"elementor-image-box-img\"><img decoding=\"async\" width=\"2560\" height=\"2398\" src=\"https:\/\/vanille-et-citron.fr\/wp-content\/uploads\/2024\/03\/DSC00334-scaled.jpg\" class=\"attachment-full size-full wp-image-1737\" alt=\"\" srcset=\"https:\/\/vanille-et-citron.fr\/wp-content\/uploads\/2024\/03\/DSC00334-scaled.jpg 2560w, https:\/\/vanille-et-citron.fr\/wp-content\/uploads\/2024\/03\/DSC00334-scaled-600x562.jpg 600w, https:\/\/vanille-et-citron.fr\/wp-content\/uploads\/2024\/03\/DSC00334-300x281.jpg 300w, https:\/\/vanille-et-citron.fr\/wp-content\/uploads\/2024\/03\/DSC00334-1024x959.jpg 1024w, https:\/\/vanille-et-citron.fr\/wp-content\/uploads\/2024\/03\/DSC00334-768x719.jpg 768w, https:\/\/vanille-et-citron.fr\/wp-content\/uploads\/2024\/03\/DSC00334-1536x1439.jpg 1536w, https:\/\/vanille-et-citron.fr\/wp-content\/uploads\/2024\/03\/DSC00334-2048x1918.jpg 2048w\" sizes=\"(max-width: 2560px) 100vw, 2560px\" \/><\/figure><div class=\"elementor-image-box-content\"><h3 class=\"elementor-image-box-title\">Les tartes<\/h3><p class=\"elementor-image-box-description\">En rayon : tarte chocolat caramel, tarte au citron et tarte aux fruits. <br>A partir de 3 euros la part<\/p><\/div><\/div>\t\t\t\t<\/div>\n\t\t\t\t<\/div>\n\t\t\t\t<div class=\"elementor-element elementor-element-193ad0e elementor-position-top elementor-widget elementor-widget-image-box\" data-id=\"193ad0e\" data-element_type=\"widget\" data-e-type=\"widget\" data-widget_type=\"image-box.default\">\n\t\t\t\t<div class=\"elementor-widget-container\">\n\t\t\t\t\t<div class=\"elementor-image-box-wrapper\"><figure class=\"elementor-image-box-img\"><img decoding=\"async\" width=\"2560\" height=\"2364\" src=\"https:\/\/vanille-et-citron.fr\/wp-content\/uploads\/2024\/05\/DSC01993-scaled.jpg\" class=\"attachment-full size-full wp-image-1854\" alt=\"\" srcset=\"https:\/\/vanille-et-citron.fr\/wp-content\/uploads\/2024\/05\/DSC01993-scaled.jpg 2560w, https:\/\/vanille-et-citron.fr\/wp-content\/uploads\/2024\/05\/DSC01993-300x277.jpg 300w\" sizes=\"(max-width: 2560px) 100vw, 2560px\" \/><\/figure><div class=\"elementor-image-box-content\"><h3 class=\"elementor-image-box-title\">Les tradi<\/h3><p class=\"elementor-image-box-description\">Fraisiers, charlottes, choux individuels, tartelettes fa\u00e7on saint honor\u00e9...<br>\u00e0 partir de 3,50 euros la part<\/p><\/div><\/div>\t\t\t\t<\/div>\n\t\t\t\t<\/div>\n\t\t\t\t\t<\/div>\n\t\t<\/div>\n\t\t\t\t\t<\/div>\n\t\t<\/section>\n\t\t\t\t<\/div>\n\t\t","protected":false},"excerpt":{"rendered":"<p>En cours de cr\u00e9ation Les entremets Le Cr\u00e2lin est l&rsquo;entremets star de Vanille et Citron. Le biscuit dacquoise, recouvert d&rsquo;un croustillant pralin\u00e9 caram\u00e9lis\u00e9, supporte une mousse aux deux chocolats tr\u00e8s a\u00e9rienne et soyeuse et un d\u00e9licat cr\u00e9meux pralin\u00e9 \u00e0 la vanille. A l&rsquo;instar du Cr\u00e2lin, l&rsquo;entremets signature \u00ab\u00a0Vanille et Citrus\u00a0\u00bb est intemporel et ravit les [&hellip;]<\/p>\n","protected":false},"author":1,"featured_media":0,"parent":0,"menu_order":0,"comment_status":"closed","ping_status":"closed","template":"","meta":{"footnotes":""},"class_list":["post-1894","page","type-page","status-publish","hentry"],"aioseo_notices":[],"jetpack_sharing_enabled":true,"_links":{"self":[{"href":"https:\/\/vanille-et-citron.fr\/index.php\/wp-json\/wp\/v2\/pages\/1894","targetHints":{"allow":["GET"]}}],"collection":[{"href":"https:\/\/vanille-et-citron.fr\/index.php\/wp-json\/wp\/v2\/pages"}],"about":[{"href":"https:\/\/vanille-et-citron.fr\/index.php\/wp-json\/wp\/v2\/types\/page"}],"author":[{"embeddable":true,"href":"https:\/\/vanille-et-citron.fr\/index.php\/wp-json\/wp\/v2\/users\/1"}],"replies":[{"embeddable":true,"href":"https:\/\/vanille-et-citron.fr\/index.php\/wp-json\/wp\/v2\/comments?post=1894"}],"version-history":[{"count":13,"href":"https:\/\/vanille-et-citron.fr\/index.php\/wp-json\/wp\/v2\/pages\/1894\/revisions"}],"predecessor-version":[{"id":1914,"href":"https:\/\/vanille-et-citron.fr\/index.php\/wp-json\/wp\/v2\/pages\/1894\/revisions\/1914"}],"wp:attachment":[{"href":"https:\/\/vanille-et-citron.fr\/index.php\/wp-json\/wp\/v2\/media?parent=1894"}],"curies":[{"name":"wp","href":"https:\/\/api.w.org\/{rel}","templated":true}]}}