{"id":1773,"date":"2024-05-22T12:34:06","date_gmt":"2024-05-22T10:34:06","guid":{"rendered":"https:\/\/vanille-et-citron.fr\/?post_type=product&#038;p=1773"},"modified":"2026-04-14T12:24:36","modified_gmt":"2026-04-14T10:24:36","slug":"masterclass-fraisier","status":"publish","type":"product","link":"https:\/\/vanille-et-citron.fr\/index.php\/produit\/masterclass-fraisier\/","title":{"rendered":"masterclass fraisier le 23\/05\/26 de 9h00 \u00e0 12h00"},"content":{"rendered":"","protected":false},"excerpt":{"rendered":"<p>Vous apprendrez \u00e0 r\u00e9aliser toutes les \u00e9tapes de r\u00e9alisation et montage d\u2019un fraisier.\u00a0 Vous aurez une fiche recette compl\u00e8te pour pouvoir le r\u00e9aliser chez vous.<\/p>\n<p>Accueil \u00e0 8h45, 25 Rue Montaigne, \u00e0 Saint Martin du Manoir<\/p>\n<p>&nbsp;<\/p>\n","protected":false},"featured_media":1751,"comment_status":"open","ping_status":"closed","template":"","meta":[],"product_brand":[],"product_cat":[140],"product_tag":[],"class_list":{"0":"post-1773","1":"product","2":"type-product","3":"status-publish","4":"has-post-thumbnail","6":"product_cat-ateliers","8":"first","9":"instock","10":"virtual","11":"purchasable","12":"product-type-simple"},"aioseo_notices":[],"jetpack_sharing_enabled":true,"_links":{"self":[{"href":"https:\/\/vanille-et-citron.fr\/index.php\/wp-json\/wp\/v2\/product\/1773","targetHints":{"allow":["GET"]}}],"collection":[{"href":"https:\/\/vanille-et-citron.fr\/index.php\/wp-json\/wp\/v2\/product"}],"about":[{"href":"https:\/\/vanille-et-citron.fr\/index.php\/wp-json\/wp\/v2\/types\/product"}],"replies":[{"embeddable":true,"href":"https:\/\/vanille-et-citron.fr\/index.php\/wp-json\/wp\/v2\/comments?post=1773"}],"wp:featuredmedia":[{"embeddable":true,"href":"https:\/\/vanille-et-citron.fr\/index.php\/wp-json\/wp\/v2\/media\/1751"}],"wp:attachment":[{"href":"https:\/\/vanille-et-citron.fr\/index.php\/wp-json\/wp\/v2\/media?parent=1773"}],"wp:term":[{"taxonomy":"product_brand","embeddable":true,"href":"https:\/\/vanille-et-citron.fr\/index.php\/wp-json\/wp\/v2\/product_brand?post=1773"},{"taxonomy":"product_cat","embeddable":true,"href":"https:\/\/vanille-et-citron.fr\/index.php\/wp-json\/wp\/v2\/product_cat?post=1773"},{"taxonomy":"product_tag","embeddable":true,"href":"https:\/\/vanille-et-citron.fr\/index.php\/wp-json\/wp\/v2\/product_tag?post=1773"}],"curies":[{"name":"wp","href":"https:\/\/api.w.org\/{rel}","templated":true}]}}

masterclass fraisier le 23/05/26 de 9h00 à 12h00

<p>Vous apprendrez à réaliser toutes les étapes de réalisation et montage d’un fraisier.  Vous aurez une fiche recette complète pour pouvoir le réaliser chez vous.</p>
<p>Accueil à 8h45, 25 Rue Montaigne, à Saint Martin du Manoir</p>
<p>&nbsp;</p>
