{"id":2041,"date":"2024-07-20T18:57:01","date_gmt":"2024-07-20T16:57:01","guid":{"rendered":"https:\/\/vanille-et-citron.fr\/?post_type=product&#038;p=2041"},"modified":"2024-07-20T18:57:01","modified_gmt":"2024-07-20T16:57:01","slug":"fiche-recette-lhavricotier","status":"publish","type":"product","link":"https:\/\/vanille-et-citron.fr\/index.php\/produit\/fiche-recette-lhavricotier\/","title":{"rendered":"Fiche recette l&rsquo;Havricotier"},"content":{"rendered":"","protected":false},"excerpt":{"rendered":"<p>J&rsquo;ai cr\u00e9e cette recette \u00e0 l&rsquo;occasion d&rsquo;un \u00e9v\u00e8nement inaugural local, en pleine saison des abricots. Pour l&rsquo;association des saveurs, un petit clin d&rsquo;\u0153il \u00e0 la ville du Havre : le caf\u00e9. Et pour lier le caf\u00e9 \u00e0 l&rsquo;abricot, l&rsquo;amande torr\u00e9fi\u00e9e. Juste dos\u00e9, c&rsquo;est un d\u00e9lice ! Si, si ! je vous promets !<\/p>\n","protected":false},"featured_media":1847,"comment_status":"open","ping_status":"closed","template":"","meta":[],"product_brand":[],"product_cat":[130],"product_tag":[],"class_list":{"0":"post-2041","1":"product","2":"type-product","3":"status-publish","4":"has-post-thumbnail","6":"product_cat-recettes-originales","8":"first","9":"instock","10":"downloadable","11":"virtual","12":"purchasable","13":"product-type-simple"},"aioseo_notices":[],"jetpack_sharing_enabled":true,"_links":{"self":[{"href":"https:\/\/vanille-et-citron.fr\/index.php\/wp-json\/wp\/v2\/product\/2041","targetHints":{"allow":["GET"]}}],"collection":[{"href":"https:\/\/vanille-et-citron.fr\/index.php\/wp-json\/wp\/v2\/product"}],"about":[{"href":"https:\/\/vanille-et-citron.fr\/index.php\/wp-json\/wp\/v2\/types\/product"}],"replies":[{"embeddable":true,"href":"https:\/\/vanille-et-citron.fr\/index.php\/wp-json\/wp\/v2\/comments?post=2041"}],"wp:featuredmedia":[{"embeddable":true,"href":"https:\/\/vanille-et-citron.fr\/index.php\/wp-json\/wp\/v2\/media\/1847"}],"wp:attachment":[{"href":"https:\/\/vanille-et-citron.fr\/index.php\/wp-json\/wp\/v2\/media?parent=2041"}],"wp:term":[{"taxonomy":"product_brand","embeddable":true,"href":"https:\/\/vanille-et-citron.fr\/index.php\/wp-json\/wp\/v2\/product_brand?post=2041"},{"taxonomy":"product_cat","embeddable":true,"href":"https:\/\/vanille-et-citron.fr\/index.php\/wp-json\/wp\/v2\/product_cat?post=2041"},{"taxonomy":"product_tag","embeddable":true,"href":"https:\/\/vanille-et-citron.fr\/index.php\/wp-json\/wp\/v2\/product_tag?post=2041"}],"curies":[{"name":"wp","href":"https:\/\/api.w.org\/{rel}","templated":true}]}}