{"id":2057,"date":"2024-07-30T16:22:38","date_gmt":"2024-07-30T14:22:38","guid":{"rendered":"https:\/\/vanille-et-citron.fr\/?post_type=product&#038;p=2057"},"modified":"2025-05-17T19:00:54","modified_gmt":"2025-05-17T17:00:54","slug":"fiche-recette-niwa","status":"publish","type":"product","link":"https:\/\/vanille-et-citron.fr\/index.php\/produit\/fiche-recette-niwa\/","title":{"rendered":"Fiche recette Niwa"},"content":{"rendered":"","protected":false},"excerpt":{"rendered":"<p>Cet entremets est compos\u00e9 d&rsquo;un biscuit japonais au matcha, d&rsquo;une pur\u00e9e de fruits rouges, d&rsquo;un cr\u00e9meux matcha, et d&rsquo;une mousse et d&rsquo;un gel au yuzu.<\/p>\n","protected":false},"featured_media":2058,"comment_status":"open","ping_status":"closed","template":"","meta":[],"product_brand":[],"product_cat":[130],"product_tag":[],"class_list":{"0":"post-2057","1":"product","2":"type-product","3":"status-publish","4":"has-post-thumbnail","6":"product_cat-recettes-originales","8":"first","9":"instock","10":"downloadable","11":"virtual","12":"purchasable","13":"product-type-simple"},"aioseo_notices":[],"jetpack_sharing_enabled":true,"_links":{"self":[{"href":"https:\/\/vanille-et-citron.fr\/index.php\/wp-json\/wp\/v2\/product\/2057","targetHints":{"allow":["GET"]}}],"collection":[{"href":"https:\/\/vanille-et-citron.fr\/index.php\/wp-json\/wp\/v2\/product"}],"about":[{"href":"https:\/\/vanille-et-citron.fr\/index.php\/wp-json\/wp\/v2\/types\/product"}],"replies":[{"embeddable":true,"href":"https:\/\/vanille-et-citron.fr\/index.php\/wp-json\/wp\/v2\/comments?post=2057"}],"wp:featuredmedia":[{"embeddable":true,"href":"https:\/\/vanille-et-citron.fr\/index.php\/wp-json\/wp\/v2\/media\/2058"}],"wp:attachment":[{"href":"https:\/\/vanille-et-citron.fr\/index.php\/wp-json\/wp\/v2\/media?parent=2057"}],"wp:term":[{"taxonomy":"product_brand","embeddable":true,"href":"https:\/\/vanille-et-citron.fr\/index.php\/wp-json\/wp\/v2\/product_brand?post=2057"},{"taxonomy":"product_cat","embeddable":true,"href":"https:\/\/vanille-et-citron.fr\/index.php\/wp-json\/wp\/v2\/product_cat?post=2057"},{"taxonomy":"product_tag","embeddable":true,"href":"https:\/\/vanille-et-citron.fr\/index.php\/wp-json\/wp\/v2\/product_tag?post=2057"}],"curies":[{"name":"wp","href":"https:\/\/api.w.org\/{rel}","templated":true}]}}

<p>Cet entremets est composé d&rsquo;un biscuit japonais au matcha, d&rsquo;une purée de fruits rouges, d&rsquo;un crémeux matcha, et d&rsquo;une mousse et d&rsquo;un gel au yuzu.</p>
