{"id":2216,"date":"2025-01-25T18:01:13","date_gmt":"2025-01-25T17:01:13","guid":{"rendered":"https:\/\/vanille-et-citron.fr\/?post_type=product&#038;p=2216"},"modified":"2025-05-17T19:00:52","modified_gmt":"2025-05-17T17:00:52","slug":"fiche-recette-le-vanille-et-citrus","status":"publish","type":"product","link":"https:\/\/vanille-et-citron.fr\/index.php\/produit\/fiche-recette-le-vanille-et-citrus\/","title":{"rendered":"fiche recette Le Vanille et Citrus"},"content":{"rendered":"","protected":false},"excerpt":{"rendered":"<p>Cet entremets signature est compos\u00e9, de bas en haut, de :<\/p>\n<ul>\n<li>biscuit moelleux citronn\u00e9 (jaune et vert)<\/li>\n<li>confit de citron vert vanill\u00e9<\/li>\n<li>cr\u00e8me de citron jaune et yuzu<\/li>\n<li>cr\u00e8me de caramel tendre vanill\u00e9<\/li>\n<li>mousse l\u00e9g\u00e8re coco<\/li>\n<\/ul>\n<p>Il para\u00eet que ceux qui l&rsquo;ont go\u00fbt\u00e9 le r\u00e9clame encore et encore !<\/p>\n","protected":false},"featured_media":2218,"comment_status":"open","ping_status":"closed","template":"","meta":[],"product_brand":[],"product_cat":[130],"product_tag":[],"class_list":{"0":"post-2216","1":"product","2":"type-product","3":"status-publish","4":"has-post-thumbnail","6":"product_cat-recettes-originales","8":"first","9":"instock","10":"downloadable","11":"virtual","12":"purchasable","13":"product-type-simple"},"aioseo_notices":[],"jetpack_sharing_enabled":true,"_links":{"self":[{"href":"https:\/\/vanille-et-citron.fr\/index.php\/wp-json\/wp\/v2\/product\/2216","targetHints":{"allow":["GET"]}}],"collection":[{"href":"https:\/\/vanille-et-citron.fr\/index.php\/wp-json\/wp\/v2\/product"}],"about":[{"href":"https:\/\/vanille-et-citron.fr\/index.php\/wp-json\/wp\/v2\/types\/product"}],"replies":[{"embeddable":true,"href":"https:\/\/vanille-et-citron.fr\/index.php\/wp-json\/wp\/v2\/comments?post=2216"}],"wp:featuredmedia":[{"embeddable":true,"href":"https:\/\/vanille-et-citron.fr\/index.php\/wp-json\/wp\/v2\/media\/2218"}],"wp:attachment":[{"href":"https:\/\/vanille-et-citron.fr\/index.php\/wp-json\/wp\/v2\/media?parent=2216"}],"wp:term":[{"taxonomy":"product_brand","embeddable":true,"href":"https:\/\/vanille-et-citron.fr\/index.php\/wp-json\/wp\/v2\/product_brand?post=2216"},{"taxonomy":"product_cat","embeddable":true,"href":"https:\/\/vanille-et-citron.fr\/index.php\/wp-json\/wp\/v2\/product_cat?post=2216"},{"taxonomy":"product_tag","embeddable":true,"href":"https:\/\/vanille-et-citron.fr\/index.php\/wp-json\/wp\/v2\/product_tag?post=2216"}],"curies":[{"name":"wp","href":"https:\/\/api.w.org\/{rel}","templated":true}]}}