{"id":2251,"date":"2025-02-16T13:22:43","date_gmt":"2025-02-16T12:22:43","guid":{"rendered":"https:\/\/vanille-et-citron.fr\/?post_type=product&#038;p=2251"},"modified":"2025-02-16T13:23:45","modified_gmt":"2025-02-16T12:23:45","slug":"les-pates-partie-ii-2-jours-consecutifs","status":"publish","type":"product","link":"https:\/\/vanille-et-citron.fr\/index.php\/produit\/les-pates-partie-ii-2-jours-consecutifs\/","title":{"rendered":"Les p\u00e2tes (partie II) 2 jours cons\u00e9cutifs"},"content":{"rendered":"","protected":false},"excerpt":{"rendered":"<p>Dur\u00e9e 2 x 6 heures + pauses d\u00e9jeuner.<\/p>\n<p>De 9h00 \u00e0 16h00, accueil 8h45 autour d&rsquo;un buffet de mini viennoiseries<\/p>\n<p>Vous apprendrez \u00e0 r\u00e9aliser la p\u00e2te feuillet\u00e9e, la p\u00e2te \u00e0 croissants et la p\u00e2te \u00e0 brioche.<\/p>\n<p>Pr\u00e9sentation du buffet final \u00e0 emporter : croissants, pains au chocolat, pains aux raisins, brioche Nanterre, pains au lait<\/p>\n<p>Pr\u00e9voir votre repas pour une pause \u00e0 votre go\u00fbt.<\/p>\n","protected":false},"featured_media":1868,"comment_status":"open","ping_status":"closed","template":"","meta":[],"product_brand":[],"product_cat":[150],"product_tag":[],"class_list":{"0":"post-2251","1":"product","2":"type-product","3":"status-publish","4":"has-post-thumbnail","6":"product_cat-les-bases-de-la-patisserie","8":"first","9":"instock","10":"virtual","11":"purchasable","12":"product-type-simple"},"aioseo_notices":[],"jetpack_sharing_enabled":true,"_links":{"self":[{"href":"https:\/\/vanille-et-citron.fr\/index.php\/wp-json\/wp\/v2\/product\/2251","targetHints":{"allow":["GET"]}}],"collection":[{"href":"https:\/\/vanille-et-citron.fr\/index.php\/wp-json\/wp\/v2\/product"}],"about":[{"href":"https:\/\/vanille-et-citron.fr\/index.php\/wp-json\/wp\/v2\/types\/product"}],"replies":[{"embeddable":true,"href":"https:\/\/vanille-et-citron.fr\/index.php\/wp-json\/wp\/v2\/comments?post=2251"}],"wp:featuredmedia":[{"embeddable":true,"href":"https:\/\/vanille-et-citron.fr\/index.php\/wp-json\/wp\/v2\/media\/1868"}],"wp:attachment":[{"href":"https:\/\/vanille-et-citron.fr\/index.php\/wp-json\/wp\/v2\/media?parent=2251"}],"wp:term":[{"taxonomy":"product_brand","embeddable":true,"href":"https:\/\/vanille-et-citron.fr\/index.php\/wp-json\/wp\/v2\/product_brand?post=2251"},{"taxonomy":"product_cat","embeddable":true,"href":"https:\/\/vanille-et-citron.fr\/index.php\/wp-json\/wp\/v2\/product_cat?post=2251"},{"taxonomy":"product_tag","embeddable":true,"href":"https:\/\/vanille-et-citron.fr\/index.php\/wp-json\/wp\/v2\/product_tag?post=2251"}],"curies":[{"name":"wp","href":"https:\/\/api.w.org\/{rel}","templated":true}]}}

Les pâtes (partie II) 2 jours consécutifs

<p>Durée 2 x 6 heures + pauses déjeuner.</p>
<p>De 9h00 à 16h00, accueil 8h45 autour d&rsquo;un buffet de mini viennoiseries</p>
<p>Vous apprendrez à réaliser la pâte feuilletée, la pâte à croissants et la pâte à brioche.</p>
<p>Présentation du buffet final à emporter : croissants, pains au chocolat, pains aux raisins, brioche Nanterre, pains au lait</p>
<p>Prévoir votre repas pour une pause à votre goût.</p>
