{"id":2424,"date":"2026-04-14T12:00:30","date_gmt":"2026-04-14T10:00:30","guid":{"rendered":"https:\/\/vanille-et-citron.fr\/?post_type=product&#038;p=2424"},"modified":"2026-04-14T12:05:29","modified_gmt":"2026-04-14T10:05:29","slug":"macarons-a-la-meringue-italienne-le-20-05-26-de-17h00-a-19h30","status":"publish","type":"product","link":"https:\/\/vanille-et-citron.fr\/index.php\/produit\/macarons-a-la-meringue-italienne-le-20-05-26-de-17h00-a-19h30\/","title":{"rendered":"Macarons \u00e0 la meringue italienne le 20\/05\/26 de 17h00 \u00e0 19h30"},"content":{"rendered":"","protected":false},"excerpt":{"rendered":"<p>Vous apprendrez \u00e0 r\u00e9aliser des coques de macarons \u00e0 la meringue italienne. 2 garnitures pr\u00e9par\u00e9es en amont seront \u00e0 votre disposition (selon inspiration du chef)<\/p>\n<p>Vous repartirez avec les macarons que vous aurez r\u00e9alis\u00e9s et assembl\u00e9s.<\/p>\n<p>RDV au 25 de la Rue Montaigne, \u00e0 Saint Martin du Manoir. Accueil \u00e0 8h45.<\/p>\n","protected":false},"featured_media":1861,"comment_status":"open","ping_status":"closed","template":"","meta":[],"product_brand":[],"product_cat":[140],"product_tag":[],"class_list":{"0":"post-2424","1":"product","2":"type-product","3":"status-publish","4":"has-post-thumbnail","6":"product_cat-ateliers","8":"first","9":"instock","10":"virtual","11":"purchasable","12":"product-type-simple"},"aioseo_notices":[],"jetpack_sharing_enabled":true,"_links":{"self":[{"href":"https:\/\/vanille-et-citron.fr\/index.php\/wp-json\/wp\/v2\/product\/2424","targetHints":{"allow":["GET"]}}],"collection":[{"href":"https:\/\/vanille-et-citron.fr\/index.php\/wp-json\/wp\/v2\/product"}],"about":[{"href":"https:\/\/vanille-et-citron.fr\/index.php\/wp-json\/wp\/v2\/types\/product"}],"replies":[{"embeddable":true,"href":"https:\/\/vanille-et-citron.fr\/index.php\/wp-json\/wp\/v2\/comments?post=2424"}],"wp:featuredmedia":[{"embeddable":true,"href":"https:\/\/vanille-et-citron.fr\/index.php\/wp-json\/wp\/v2\/media\/1861"}],"wp:attachment":[{"href":"https:\/\/vanille-et-citron.fr\/index.php\/wp-json\/wp\/v2\/media?parent=2424"}],"wp:term":[{"taxonomy":"product_brand","embeddable":true,"href":"https:\/\/vanille-et-citron.fr\/index.php\/wp-json\/wp\/v2\/product_brand?post=2424"},{"taxonomy":"product_cat","embeddable":true,"href":"https:\/\/vanille-et-citron.fr\/index.php\/wp-json\/wp\/v2\/product_cat?post=2424"},{"taxonomy":"product_tag","embeddable":true,"href":"https:\/\/vanille-et-citron.fr\/index.php\/wp-json\/wp\/v2\/product_tag?post=2424"}],"curies":[{"name":"wp","href":"https:\/\/api.w.org\/{rel}","templated":true}]}}

Macarons à la meringue italienne le 20/05/26 de 17h00 à 19h30

<p>Vous apprendrez à réaliser des coques de macarons à la meringue italienne. 2 garnitures préparées en amont seront à votre disposition (selon inspiration du chef)</p>
<p>Vous repartirez avec les macarons que vous aurez réalisés et assemblés.</p>
<p>RDV au 25 de la Rue Montaigne, à Saint Martin du Manoir. Accueil à 8h45.</p>
