{"id":2426,"date":"2026-04-14T12:22:46","date_gmt":"2026-04-14T10:22:46","guid":{"rendered":"https:\/\/vanille-et-citron.fr\/?post_type=product&#038;p=2426"},"modified":"2026-04-14T12:22:46","modified_gmt":"2026-04-14T10:22:46","slug":"tarte-de-saison-le-30-05-26-de-9h00-a-12h00","status":"publish","type":"product","link":"https:\/\/vanille-et-citron.fr\/index.php\/produit\/tarte-de-saison-le-30-05-26-de-9h00-a-12h00\/","title":{"rendered":"Tarte de saison le 30\/05\/26 de 9h00 \u00e0 12h00"},"content":{"rendered":"","protected":false},"excerpt":{"rendered":"<p>Vous apprendrez \u00e0 r\u00e9aliser une tarte aux fruits, compos\u00e9e d&rsquo;un sabl\u00e9 breton, d&rsquo;une cr\u00e8me d&rsquo;amande citronn\u00e9e, d&rsquo;une cr\u00e8me diplomate infus\u00e9e \u00e0 la menthe et de fruits frais de saison. Vous emporterez votre r\u00e9alisation, aussi fra\u00eeche que gourmande, \u00e0 partager (4 parts).<\/p>\n<p>Accueil \u00e0 8h45, autour d&rsquo;un petit caf\u00e9, 25 Rue Montaigne, Saint Martin du Manoir.<\/p>\n","protected":false},"featured_media":1731,"comment_status":"open","ping_status":"closed","template":"","meta":[],"product_brand":[],"product_cat":[140],"product_tag":[],"class_list":{"0":"post-2426","1":"product","2":"type-product","3":"status-publish","4":"has-post-thumbnail","6":"product_cat-ateliers","8":"first","9":"instock","10":"virtual","11":"purchasable","12":"product-type-simple"},"aioseo_notices":[],"jetpack_sharing_enabled":true,"_links":{"self":[{"href":"https:\/\/vanille-et-citron.fr\/index.php\/wp-json\/wp\/v2\/product\/2426","targetHints":{"allow":["GET"]}}],"collection":[{"href":"https:\/\/vanille-et-citron.fr\/index.php\/wp-json\/wp\/v2\/product"}],"about":[{"href":"https:\/\/vanille-et-citron.fr\/index.php\/wp-json\/wp\/v2\/types\/product"}],"replies":[{"embeddable":true,"href":"https:\/\/vanille-et-citron.fr\/index.php\/wp-json\/wp\/v2\/comments?post=2426"}],"wp:featuredmedia":[{"embeddable":true,"href":"https:\/\/vanille-et-citron.fr\/index.php\/wp-json\/wp\/v2\/media\/1731"}],"wp:attachment":[{"href":"https:\/\/vanille-et-citron.fr\/index.php\/wp-json\/wp\/v2\/media?parent=2426"}],"wp:term":[{"taxonomy":"product_brand","embeddable":true,"href":"https:\/\/vanille-et-citron.fr\/index.php\/wp-json\/wp\/v2\/product_brand?post=2426"},{"taxonomy":"product_cat","embeddable":true,"href":"https:\/\/vanille-et-citron.fr\/index.php\/wp-json\/wp\/v2\/product_cat?post=2426"},{"taxonomy":"product_tag","embeddable":true,"href":"https:\/\/vanille-et-citron.fr\/index.php\/wp-json\/wp\/v2\/product_tag?post=2426"}],"curies":[{"name":"wp","href":"https:\/\/api.w.org\/{rel}","templated":true}]}}

Tarte de saison le 30/05/26 de 9h00 à 12h00

<p>Vous apprendrez à réaliser une tarte aux fruits, composée d&rsquo;un sablé breton, d&rsquo;une crème d&rsquo;amande citronnée, d&rsquo;une crème diplomate infusée à la menthe et de fruits frais de saison. Vous emporterez votre réalisation, aussi fraîche que gourmande, à partager (4 parts).</p>
<p>Accueil à 8h45, autour d&rsquo;un petit café, 25 Rue Montaigne, Saint Martin du Manoir.</p>
