{"id":2430,"date":"2026-04-14T14:33:47","date_gmt":"2026-04-14T12:33:47","guid":{"rendered":"https:\/\/vanille-et-citron.fr\/?post_type=product&#038;p=2430"},"modified":"2026-04-14T14:33:47","modified_gmt":"2026-04-14T12:33:47","slug":"charlotte-aux-fruits-rouges-le-20-06-26-de-9h00-a-12h30","status":"publish","type":"product","link":"https:\/\/vanille-et-citron.fr\/index.php\/produit\/charlotte-aux-fruits-rouges-le-20-06-26-de-9h00-a-12h30\/","title":{"rendered":"Charlotte aux fruits rouges le 20\/06\/26 de 9h00 \u00e0 12h30"},"content":{"rendered":"","protected":false},"excerpt":{"rendered":"<p>Vous apprendrez \u00e0 r\u00e9aliser cette p\u00e2tisserie traditionnelle r\u00e9confortante et rafra\u00eechissante \u00e0 la fois. Et que diriez-vous d&rsquo;une petite remise au go\u00fbt du jour ?!<\/p>\n<p>Elle est compos\u00e9e d&rsquo;un biscuit cuill\u00e8re, d&rsquo;une mousse incroyablement l\u00e9g\u00e8re, d&rsquo;un confit de fruits rouges et de fruits frais.<\/p>\n<p>Vous emporterez votre charlotte, \u00e0 partager en 3 ou 4.<\/p>\n<p>Accueil \u00e0 8h45, au 25 Rue Montaigne, Saint Martin du Manoir<\/p>\n","protected":false},"featured_media":2431,"comment_status":"open","ping_status":"closed","template":"","meta":[],"product_brand":[],"product_cat":[140],"product_tag":[],"class_list":{"0":"post-2430","1":"product","2":"type-product","3":"status-publish","4":"has-post-thumbnail","6":"product_cat-ateliers","8":"first","9":"instock","10":"virtual","11":"purchasable","12":"product-type-simple"},"aioseo_notices":[],"jetpack_sharing_enabled":true,"_links":{"self":[{"href":"https:\/\/vanille-et-citron.fr\/index.php\/wp-json\/wp\/v2\/product\/2430","targetHints":{"allow":["GET"]}}],"collection":[{"href":"https:\/\/vanille-et-citron.fr\/index.php\/wp-json\/wp\/v2\/product"}],"about":[{"href":"https:\/\/vanille-et-citron.fr\/index.php\/wp-json\/wp\/v2\/types\/product"}],"replies":[{"embeddable":true,"href":"https:\/\/vanille-et-citron.fr\/index.php\/wp-json\/wp\/v2\/comments?post=2430"}],"wp:featuredmedia":[{"embeddable":true,"href":"https:\/\/vanille-et-citron.fr\/index.php\/wp-json\/wp\/v2\/media\/2431"}],"wp:attachment":[{"href":"https:\/\/vanille-et-citron.fr\/index.php\/wp-json\/wp\/v2\/media?parent=2430"}],"wp:term":[{"taxonomy":"product_brand","embeddable":true,"href":"https:\/\/vanille-et-citron.fr\/index.php\/wp-json\/wp\/v2\/product_brand?post=2430"},{"taxonomy":"product_cat","embeddable":true,"href":"https:\/\/vanille-et-citron.fr\/index.php\/wp-json\/wp\/v2\/product_cat?post=2430"},{"taxonomy":"product_tag","embeddable":true,"href":"https:\/\/vanille-et-citron.fr\/index.php\/wp-json\/wp\/v2\/product_tag?post=2430"}],"curies":[{"name":"wp","href":"https:\/\/api.w.org\/{rel}","templated":true}]}}

Charlotte aux fruits rouges le 20/06/26 de 9h00 à 12h30

<p>Vous apprendrez à réaliser cette pâtisserie traditionnelle réconfortante et rafraîchissante à la fois. Et que diriez-vous d&rsquo;une petite remise au goût du jour ?!</p>
<p>Elle est composée d&rsquo;un biscuit cuillère, d&rsquo;une mousse incroyablement légère, d&rsquo;un confit de fruits rouges et de fruits frais.</p>
<p>Vous emporterez votre charlotte, à partager en 3 ou 4.</p>
<p>Accueil à 8h45, au 25 Rue Montaigne, Saint Martin du Manoir</p>
